alse
Is 175873 a prime number?
True
Is 16871 prime?
True
Is 157513 composite?
False
Is 1657 a composite number?
False
Is 376757 a composite number?
False
Is 3659 a prime number?
True
Is 1261 a composite number?
True
Is 15859 a composite number?
False
Is 94679 a prime number?
False
Is 11629 a prime number?
False
Is 626629 a prime number?
True
Is 46091 a prime number?
True
Is 258007 a prime number?
False
Is 11513 composite?
True
Is 101021 a composite number?
False
Is 64097 prime?
False
Is 711913 composite?
False
Is 543679 a composite number?
False
Is 23185 a prime number?
False
Is 14971 a prime number?
False
Is 6407 composite?
True
Is 40361 prime?
True
Is 3263 a prime number?
False
Is 4894 composite?
True
Is 1783 a prime number?
True
Is 1981543 a prime number?
True
Is 20537 prime?
False
Is 69257 a composite number?
False
Is 187687 a prime number?
True
Is 4271 prime?
True
Is 14902 prime?
False
Is 6313 a prime number?
False
Is 90397 prime?
True
Is 416333 prime?
True
Is 5987 a composite number?
False
Is 23741 composite?
False
Is 114143 a composite number?
False
Is 616361 prime?
True
Is 10391 a composite number?
False
Is 9239 composite?
False
Is 194227 a prime number?
False
Is 92519 prime?
False
Is 291673 composite?
True
Is 1112177 a composite number?
True
Is 1132139 a prime number?
True
Is 105071 a composite number?
False
Is 2129 composite?
False
Is 31009 prime?
False
Is 360181 a prime number?
True
Is 2275653 prime?
False
Is 74371 a composite number?
True
Is 34537 prime?
True
Is 283918 composite?
True
Is 11959 a prime number?
True
Is 4391 composite?
False
Is 1649 a prime number?
False
Is 17211 a composite number?
True
Is 1693 a composite number?
False
Is 350843 composite?
False
Is 277637 a prime number?
True
Is 14077 composite?
True
Is 2579 a composite number?
False
Is 317587 a prime number?
True
Is 188093 a prime number?
False
Is 1884677 a prime number?
True
Is 419 prime?
True
Is 1847 a composite number?
False
Is 4317 prime?
False
Is 933 a prime number?
False
Is 499 prime?
True
Is 13853 composite?
True
Is 16489 a composite number?
True
Is 21977 a composite number?
False
Is 7247 a composite number?
False
Is 49339 a prime number?
True
Is 4861 prime?
True
Is 7739 composite?
True
Is 8097 prime?
False
Is 41449 composite?
True
Is 68993 composite?
False
Is 6157 a prime number?
False
Is 98999 a prime number?
True
Is 46047 prime?
False
Is 18593 composite?
False
Is 114407 composite?
False
Is 27223 a prime number?
False
Is 478087 a composite number?
False
Is 14109 prime?
False
Is 13577 composite?
False
Is 719611 a prime number?
False
Is 66889 a composite number?
False
Is 387161 a prime number?
True
Is 4727 prime?
False
Is 216899 a prime number?
True
Is 433981 prime?
True
Is 73277 prime?
True
Is 631 prime?
True
Is 5195 a prime number?
False
Is 23399 a composite number?
False
Is 255107 a prime number?
True
Is 4453063 a composite number?
False
Is 4103 composite?
True
Is 4357 composite?
False
Is 87981 a composite number?
True
Is 189935 composite?
True
Is 1901 prime?
True
Is 2251 prime?
True
Is 68717 a composite number?
True
Is 23801 composite?
False
Is 3659 a composite number?
False
Is 45755 a prime number?
False
Is 54037 composite?
False
Is 127103 a prime number?
True
Is 68243 composite?
True
Is 3511 a composite number?
False
Is 2243 composite?
False
Is 17971 composite?
False
Is 85611 a prime number?
False
Is 1117 composite?
False
Is 6371 a prime number?
False
Is 2861 a prime number?
True
Is 24281 prime?
True
Is 159529 prime?
False
Is 1478 composite?
True
Is 93077 a composite number?
False
Is 105313 a composite number?
True
Is 21961 a composite number?
False
Is 1154 composite?
True
Is 16361 a composite number?
False
Is 87583 a prime number?
True
Is 97547 prime?
True
Is 9407 a composite number?
True
Is 2946649 a composite number?
False
Is 77991 composite?
True
Is 13151 prime?
True
Is 26759 composite?
False
Is 2911823 composite?
True
Is 67391 a composite number?
False
Is 979 composite?
True
Is 165133 a prime number?
True
Is 3511 composite?
False
Is 1437239 prime?
True
Is 1137403 a composite number?
False
Is 933967 composite?
False
Is 198761 a composite number?
False
Is 171393 prime?
False
Is 616103 prime?
True
Is 27473 a prime number?
False
Is 20743 prime?
True
Is 46537 a prime number?
False
Is 55163 a prime number?
True
Is 76049 a composite number?
True
Is 135231 prime?
False
Is 43753 a prime number?
True
Is 147814 prime?
False
Is 5515 composite?
True
Is 636847 a composite number?
True
Is 191897 a prime number?
False
Is 50647 composite?
False
Is 108277 composite?
True
Is 506343 prime?
False
Is 50207 a composite number?
False
Is 10847 prime?
True
Is 54971 a composite number?
True
Is 121039 prime?
True
Is 9489 a composite number?
True
Is 111539 composite?
False
Is 262603 a prime number?
False
Is 2659 a prime number?
True
Is 14281 a composite number?
False
Is 1069 composite?
False
Is 9553 prime?
False
Is 500491 composite?
True
Is 34403 composite?
False
Is 725509 a prime number?
False
Is 33899 prime?
False
Is 56591 composite?
False
Is 27617 composite?
False
Is 49409 a composite number?
False
Is 2413 prime?
False
Is 874397 a prime number?
True
Is 13751 prime?
True
Is 2767 composite?
False
Is 32411 prime?
True
Is 1523491 composite?
False
Is 60493 prime?
True
Is 344227 prime?
False
Is 51449 a prime number?
True
Is 196557 a prime number?
False
Is 1621 a prime number?
True
Is 38401 composite?
True
Is 100235 composite?
True
Is 56965 a prime number?
False
Is 14629 a composite number?
False
Is 309059 prime?
True
Is 11777 prime?
True
Is 4283 composite?
False
Is 11758 a prime number?
False
Is 1735 a prime number?
False
Is 60641 a composite number?
True
Is 1199 prime?
False
Is 2059234 a prime number?
False
Is 26039 a prime number?
False
Is 19193 prime?
False
Is 15191 prime?
False
Is 5357 a composite number?
True
Is 209339 a prime number?
False
Is 1943 a composite number?
True
Is 36949 composite?
True
Is 46573 a composite number?
False
Is 92195 prime?
False
Is 9643 prime?
True
Is 23963 composite?
True
Is 4237 a composite number?
True
Is 21481 prime?
True
Is 5185943 prime?
False
Is 33185 prime?
False
Is 161201 prime?
True
Is 83089 a prime number?
True
Is 21001 a composite number?
False
Is 16039 a composite number?
True
Is 508787 a composite number?
True
Is 335161 a composite number?
False
Is 3491 composite?
False
Is 763339 a prime number?
True
Is 76597 a prime number?
True
Is 2897 a prime number?
True
Is 326171 composite?
False
Is 514819 a prime number?
True
Is 12421 prime?
True
Is 59198 a prime number?
False
Is 379889 composite?
False
Is 3953 prime?
False
Is 51703 composite?
True
Is 23741 a composite number?
False
Is 6119 prime?
False
Is 8563 a composite number?
False
Is 13343 a composite number?
True
Is 338993 prime?
True
Is 327115 a composite number?
True
Is 697067 a composite number?
True
Is 11783 composite?
False
Is 2458 a composite number?
True
Is 265897 composite?
True
Is 64217 a composite number?
False
Is 7411 a prime number?
True
Is 156577 a prime number?
True
Is 150911 composite?
True
Is 610811 composite?
True
Is 341 a prime number?
False
Is 167081 prime?
True
Is 35023 composite?
False
Is 799885 a composite number?
True
Is 201309 prime?
False
Is 24121 composite?
False
Is 16843 prime?
True
Is 2059 a prime number?
False
Is 236395 a prime number?
False
Is 112963 composite?
True
Is 8537 a prime number?
True
Is 364459 a composite number?
False
Is 3987287 prime?
True
Is 795671 prime?
False
Is 615254 a composite number?
True
Is 38339 composite?
True
Is 96839 composite?
True
Is 18701 a composite number?
False
Is 34667 prime?
True
Is 10193 a composite number?
False
Is 23365 a prime number?
False
Is 142859 a prime number?
False
Is 3022 prime?
False
Is 175295 composite?
True
Is 65713 prime?
True
Is 147647 a prime number?
True
Is 514643 a composite number?
False
Is 215083 a composite number?
True
Is 424673 a composite number?
True
Is 16331 a prime number?
False
Is 42659 a prime number?
False
Is 11069 a composite number?
False
Is 1241 composite?
True
Is 9155 prime?
False
Is 2743115 a composite number?
True
Is 755513 a composite number?
True
Is 530293 composite?
False
Is 267926 prime?
False
Is 931291 prime?
False
Is 9221 prime?
True
Is 21974 a prime number?
False
Is 117661 comp